 the highest common factor of 566181 and 165249.
2709
Calculate the highest common divisor of 53156404 and 944.
236
Calculate the greatest common factor of 137494 and 14063.
49
What is the highest common factor of 8 and 11894392?
8
What is the greatest common divisor of 29371 and 906292?
23
Calculate the highest common factor of 1382 and 48436.
2
What is the highest common divisor of 1178 and 4428691?
589
What is the greatest common factor of 789 and 312040295?
263
What is the highest common divisor of 168005 and 20635?
5
What is the greatest common divisor of 1738 and 9096534?
158
What is the greatest common factor of 106978 and 29014?
178
What is the highest common divisor of 224 and 18433226?
14
Calculate the greatest common factor of 12470 and 98890.
290
What is the greatest common factor of 15713 and 98515?
19
Calculate the highest common divisor of 514670482 and 58.
58
What is the highest common factor of 17136310 and 2902?
2902
Calculate the greatest common factor of 17248 and 55855184.
1232
Calculate the greatest common factor of 10392 and 613943772.
5196
What is the greatest common factor of 117455 and 161395?
845
What is the highest common divisor of 22595600 and 240?
80
Calculate the highest common factor of 41738191 and 1149.
383
What is the greatest common divisor of 51 and 197822829?
51
Calculate the greatest common divisor of 12828 and 15036.
12
What is the greatest common divisor of 94792 and 146616?
328
Calculate the highest common divisor of 2768 and 455776.
16
Calculate the greatest common divisor of 25592808 and 1272.
24
Calculate the highest common factor of 37706055 and 7155.
795
What is the highest common divisor of 656883 and 12879?
27
What is the highest common factor of 1856927 and 817?
19
Calculate the highest common factor of 1310 and 284030.
10
Calculate the greatest common factor of 20196395 and 205.
205
What is the greatest common factor of 21164 and 2860?
572
What is the highest common divisor of 2025 and 575642700?
2025
Calculate the greatest common divisor of 3481610 and 165385.
1705
What is the greatest common divisor of 428 and 8321818?
214
Calculate the highest common divisor of 9310840 and 1074920.
3080
What is the greatest common divisor of 4743326 and 2590?
518
What is the greatest common factor of 938871 and 10899?
1557
Calculate the highest common factor of 26190 and 63315.
135
Calculate the greatest common factor of 35003749 and 44.
11
What is the highest common factor of 40 and 15000870?
10
Calculate the greatest common factor of 1666 and 3859.
17
Calculate the greatest common divisor of 191041297 and 1063.
1063
Calculate the highest common divisor of 1052696 and 4525.
181
Calculate the highest common divisor of 1405875 and 11040.
345
Calculate the highest common divisor of 1797 and 66343443.
1797
What is the highest common factor of 17 and 49960858?
17
Calculate the highest common divisor of 2001 and 60868764.
69
What is the greatest common factor of 11328 and 3691984?
944
Calculate the greatest common factor of 268925558 and 93.
31
Calculate the highest common divisor of 454733 and 299.
23
What is the highest common factor of 73584 and 15113336?
4088
What is the highest common factor of 2804184 and 18?
18
Calculate the highest common factor of 33 and 31083492.
33
Calculate the greatest common factor of 1 and 3740296.
1
What is the greatest common factor of 3497284 and 30508?
116
Calculate the greatest common divisor of 8235 and 3215310.
915
What is the greatest common factor of 5950 and 757673?
119
What is the highest common factor of 79753 and 23971078?
461
What is the highest common divisor of 367114625 and 7250?
3625
What is the greatest common factor of 1505691 and 541622?
227
What is the highest common factor of 597504 and 38900?
1556
Calculate the greatest common divisor of 40 and 190155945.
5
What is the highest common divisor of 102 and 36051934?
34
What is the highest common divisor of 40821 and 10725?
33
Calculate the highest common divisor of 4340631 and 2922.
1461
Calculate the highest common divisor of 60007395 and 263.
263
Calculate the highest common divisor of 2245 and 17905.
5
Calculate the highest common factor of 56525 and 1159893.
2261
Calculate the highest common factor of 6758694 and 9.
9
Calculate the greatest common factor of 8603 and 4207.
7
What is the greatest common factor of 18146 and 3402797?
211
What is the highest common factor of 80934 and 321153?
861
What is the greatest common divisor of 31 and 1044450419?
31
Calculate the highest common factor of 38565722 and 2063.
2063
What is the highest common factor of 47337329 and 2665?
533
What is the highest common factor of 40704470 and 10?
10
What is the greatest common factor of 3779296 and 333216?
2848
Calculate the highest common divisor of 28030555 and 245.
35
Calculate the highest common divisor of 7923664 and 16947.
1883
Calculate the highest common divisor of 176192 and 16.
16
Calculate the greatest common divisor of 312 and 329199.
39
What is the highest common divisor of 2637 and 4627056?
879
Calculate the greatest common divisor of 66825 and 780759.
243
Calculate the greatest common divisor of 166352 and 6424784.
4496
What is the highest common factor of 37 and 646770841?
37
Calculate the greatest common factor of 216 and 4087017.
27
What is the greatest common factor of 32615807 and 203?
203
Calculate the highest common divisor of 351 and 14071941.
351
Calculate the greatest common factor of 7149595 and 3805.
3805
Calculate the greatest common factor of 53 and 13914885.
53
Calculate the highest common divisor of 535876743 and 267.
267
Calculate the highest common factor of 8 and 71541832.
8
What is the greatest common factor of 74124295 and 7?
7
Calculate the highest common factor of 5180 and 37768675.
1295
Calculate the greatest common divisor of 18146 and 23977407.
211
Calculate the highest common factor of 2 and 8606446.
2
Calculate the greatest common divisor of 455615 and 3809.
293
Calculate the highest common divisor of 24 and 124199256.
24
Calculate the highest common factor of 1719649 and 74.
37
What is the greatest common divisor of 1666954971 and 3069?
3069
What is the highest common divisor of 55902 and 20601?
21
What is the highest common divisor of 106112413 and 583?
583
Calculate the highest common divisor of 1558 and 768322.
38
Calculate the highest common factor of 100555000 and 340.
340
What is the greatest common factor of 552 and 1281264?
24
Calculate the highest common factor of 385 and 2749362.
77
What is the greatest common factor of 4571 and 73109227?
653
Calculate the highest common divisor of 5858 and 273146824.
5858
What is the greatest common divisor of 432 and 99803664?
432
Calculate the highest common divisor of 538347 and 1747230.
417
What is the highest common divisor of 92800 and 164480?
640
What is the highest common factor of 30044 and 3261398?
406
Calculate the greatest common factor of 17397 and 45537614.
1933
Calculate the highest common factor of 986811 and 29729.
959
Calculate the highest common divisor of 96150 and 15150.
150
Calculate the greatest common divisor of 178716601 and 644.
161
What is the greatest common divisor of 867 and 2704725?
3
Calculate the greatest common factor of 5058470 and 1160.
290
What is the greatest common factor of 208535 and 1611?
179
What is the highest common factor of 40864439 and 1005?
67
Calculate the greatest common factor of 113445939 and 1.
1
What is the greatest common factor of 2048 and 81819136?
512
What is the greatest common factor of 7169744 and 4048?
368
What is the highest common divisor of 2151 and 30762?
9
What is the highest common factor of 495073880 and 5320?
5320
What is the highest common divisor of 90 and 52853706?
18
What is the greatest common divisor of 155 and 2372740?
155
Calculate the highest common divisor of 118 and 46986007.
59
Calculate the greatest common factor of 775368 and 35904.
264
What is the greatest common factor of 46863 and 72882379?
5207
Calculate the greatest common factor of 477990942 and 17004.
8502
Calculate the highest common factor of 51 and 13855119.
51
Calculate the greatest common divisor of 189 and 3028011.
21
What is the highest common factor of 26520 and 16406445?
255
Calculate t